is the ten thousands digit of 8960119?
6
What is the hundred thousands digit of 465285?
4
What is the units digit of 2202745?
5
What is the thousands digit of 247857?
7
What is the hundred thousands digit of 1287112?
2
What is the ten thousands digit of 2029209?
2
What is the ten thousands digit of 7244322?
4
What is the units digit of 2251568?
8
What is the ten thousands digit of 1722875?
2
What is the hundreds digit of 1323249?
2
What is the units digit of 1547542?
2
What is the tens digit of 13350111?
1
What is the hundreds digit of 651095?
0
What is the hundreds digit of 290618?
6
What is the units digit of 75983?
3
What is the units digit of 17614369?
9
What is the units digit of 275750?
0
What is the ten thousands digit of 237609?
3
What is the hundreds digit of 224213?
2
What is the thousands digit of 519017?
9
What is the thousands digit of 14234?
4
What is the hundred thousands digit of 142430?
1
What is the millions digit of 2135526?
2
What is the hundreds digit of 224026?
0
What is the hundreds digit of 216585?
5
What is the millions digit of 7817371?
7
What is the hundred thousands digit of 5299878?
2
What is the hundred thousands digit of 2062253?
0
What is the tens digit of 4348467?
6
What is the units digit of 747288?
8
What is the ten thousands digit of 6926112?
2
What is the tens digit of 690098?
9
What is the ten thousands digit of 35017800?
1
What is the tens digit of 56331?
3
What is the hundred thousands digit of 23670498?
6
What is the thousands digit of 924246?
4
What is the units digit of 1539762?
2
What is the thousands digit of 577815?
7
What is the ten thousands digit of 55068?
5
What is the tens digit of 1245632?
3
What is the thousands digit of 13950900?
0
What is the hundred thousands digit of 3834359?
8
What is the thousands digit of 246800?
6
What is the millions digit of 1834092?
1
What is the units digit of 4970553?
3
What is the ten thousands digit of 894441?
9
What is the tens digit of 2466718?
1
What is the ten thousands digit of 302484?
0
What is the hundreds digit of 659918?
9
What is the ten thousands digit of 5920190?
2
What is the hundreds digit of 12034058?
0
What is the millions digit of 8400426?
8
What is the tens digit of 580913?
1
What is the tens digit of 4764723?
2
What is the tens digit of 2987524?
2
What is the hundreds digit of 33575?
5
What is the tens digit of 25143?
4
What is the tens digit of 277333?
3
What is the ten thousands digit of 20311?
2
What is the hundreds digit of 3911503?
5
What is the ten thousands digit of 971208?
7
What is the thousands digit of 501717?
1
What is the ten thousands digit of 3070222?
7
What is the hundreds digit of 415650?
6
What is the ten thousands digit of 425685?
2
What is the ten thousands digit of 731197?
3
What is the ten thousands digit of 5425203?
2
What is the hundred thousands digit of 633802?
6
What is the thousands digit of 1905413?
5
What is the hundred thousands digit of 1122195?
1
What is the hundreds digit of 6506408?
4
What is the thousands digit of 14319?
4
What is the tens digit of 18430343?
4
What is the millions digit of 1112495?
1
What is the units digit of 11623940?
0
What is the thousands digit of 1210185?
0
What is the tens digit of 8991853?
5
What is the hundred thousands digit of 1351811?
3
What is the ten thousands digit of 6107424?
0
What is the units digit of 20754332?
2
What is the hundreds digit of 4945105?
1
What is the hundreds digit of 10450446?
4
What is the millions digit of 9596776?
9
What is the thousands digit of 553271?
3
What is the ten thousands digit of 1609249?
0
What is the hundreds digit of 122062?
0
What is the units digit of 32260?
0
What is the thousands digit of 594125?
4
What is the ten millions digit of 20313076?
2
What is the hundreds digit of 9603318?
3
What is the thousands digit of 4057664?
7
What is the units digit of 1915837?
7
What is the tens digit of 2572311?
1
What is the thousands digit of 4762579?
2
What is the thousands digit of 115187?
5
What is the ten thousands digit of 5627497?
2
What is the millions digit of 2871066?
2
What is the units digit of 652425?
5
What is the hundreds digit of 2768654?
6
What is the tens digit of 1278530?
3
What is the hundreds digit of 4577988?
9
What is the hundred thousands digit of 865183?
8
What is the thousands digit of 27932755?
2
What is the hundred thousands digit of 2187307?
1
What is the ten thousands digit of 3295355?
9
What is the thousands digit of 5317018?
7
What is the units digit of 4719?
9
What is the tens digit of 562142?
4
What is the thousands digit of 136706?
6
What is the ten thousands digit of 181594?
8
What is the hundreds digit of 2057850?
8
What is the ten thousands digit of 3380059?
8
What is the millions digit of 3095491?
3
What is the hundreds digit of 6121524?
5
What is the thousands digit of 1319582?
9
What is the ten thousands digit of 579990?
7
What is the thousands digit of 3396952?
6
What is the units digit of 146325?
5
What is the units digit of 813717?
7
What is the units digit of 558314?
4
What is the thousands digit of 30432?
0
What is the tens digit of 190409?
0
What is the thousands digit of 378798?
8
What is the hundred thousands digit of 7703436?
7
What is the units digit of 21269404?
4
What is the units digit of 321098?
8
What is the thousands digit of 3474122?
4
What is the hundreds digit of 2257561?
5
What is the thousands digit of 1552808?
2
What is the ten thousands digit of 1810438?
1
What is the ten thousands digit of 17978072?
7
What is the units digit of 7663598?
8
What is the units digit of 1790426?
6
What is the ten thousands digit of 4755515?
5
What is the ten thousands digit of 210354?
1
What is the hundreds digit of 141918?
9
What is the units digit of 2440786?
6
What is the millions digit of 2365986?
2
What is the units digit of 170480?
0
What is the thousands digit of 10565234?
5
What is the ten thousands digit of 1322926?
2
What is the ten thousands digit of 211382?
1
What is the ten thousands digit of 6483462?
8
What is the ten thousands digit of 732257?
3
What is the thousands digit of 1305938?
5
What is the units digit of 240204?
4
What is the hundreds digit of 211287?
2
What is the ten thousands digit of 136349?
3
What is the units digit of 178316?
6
What is the millions digit of 4474697?
4
What is the hundreds digit of 2247307?
3
What is the tens digit of 2082384?
8
What is the thousands digit of 126060?
6
What is the hundreds digit of 560754?
7
What is the hundred thousands digit of 15050701?
0
What is the ten thousands digit of 929526?
2
What is the units digit of 621585?
5
What is the hundred thousands digit of 294786?
2
What is the hundreds digit of 2567033?
0
What is the hundred thousands digit of 471974?
4
What is the units digit of 8734301?
1
What is the hundred thousands digit of 694648?
6
What is the ten thousands digit of 625319?
2
What is the hundreds digit of 61956?
9
What is the hundreds digit of 28330404?
4
What is the ten thousands digit of 18679193?
7
What is the thousands digit of 2840320?
0
What is the millions digit of 18751452?
8
What is the thousands digit of 3581905?
1
What is the tens digit of 228134?
3
What is the tens digit of 359566?
6
What is the hundreds digit of 184749?
7
What is the thousands digit of 6450575?
0
What is the units digit of 5935114?
4
What is the hundred thousands digit of 239262?
2
What is the units digit of 321713?
3
What is the millions digit of 18081550?
8
What is the ten thousands digit of 8903396?
0
What is the ten thousands digit of 522800?
2
What is the tens digit of 65181?
8
What is the units digit of 3237526?
6
What is the thousands digit of 3272563?
2
What is the tens digit of 52389?
8
What is the tens digit of 8906872?
7
What is the ten thousands digit of 25409013?
0
What is the units digit of 13719837?
7
What is the hundred thousands digit of 761684?
7
What is the hundreds digit of 156324?
3
What is the hundreds digit of 6653972?
9
What is the thousands digit of 6069420?
9
What is the hundred thousands digit of 594890?
5
What is the hundreds digit of 298579?
5
What is the thousands digit of 2207025?
7
What is the hundred thousands digit of 273178?
2
What is the ten thousands digit of 365827?
6
What is the thousands digit of 222751?
2
Wha